(m) = 8*m. Let z be n(7). Calculate the highest common factor of b and z.
8
Suppose 4*u - j = 27, 3*j - 18 - 21 = -3*u. Let t(a) = 10*a - 8. Let c be t(u). Calculate the greatest common factor of 8 and c.
8
Suppose 13*q = 11*q + 160. What is the highest common factor of 10 and q?
10
Let p(x) be the third derivative of -x**6/120 - x**5/60 + x**4/24 + 3*x**3/2 - x**2. Let n be p(0). Calculate the highest common factor of n and 9.
9
Let l be (-160)/2 - (3 + -6). Let w = 147 + l. Calculate the greatest common factor of 28 and w.
14
Suppose -4*y = -20, 8*y - 4*y = 3*w - 16. Let f(s) = -s**3 - s**2 - 2*s - 2. Let p be f(-2). What is the highest common factor of p and w?
6
Let r(u) = -2*u - 14. Let v be r(-21). Calculate the highest common divisor of v and 70.
14
Let o be ((-360)/105)/(2/(-7)). Calculate the highest common factor of o and 108.
12
Suppose b - 92 = -2*b - 4*r, 5*b = -r + 142. What is the greatest common factor of 7 and b?
7
Let h be (-38)/(-1)*1/2. Suppose -b = -3*j - 35, 0*j + j = 1. Suppose b = 2*n - n. Calculate the greatest common divisor of n and h.
19
Suppose 3*f = -4*m + 4*f + 37, -1 = -2*m - 3*f. Let y = -3 + -3. Let b(z) = -3*z + 6. Let j be b(y). Calculate the greatest common divisor of j and m.
8
Let o be 12/(-9)*15/(-2). Let j be (60/24)/((-2)/(-4)). Let u be 2/(-5) - (-352)/j. What is the highest common factor of u and o?
10
Let z(q) = 8*q**2 + 3*q + 1. Let k be z(-1). Suppose -k*a - 5 = -101. Let b be 4/(-14) + (-226)/(-7). Calculate the highest common divisor of a and b.
16
Let l be 10/4 - 3/(-6). Suppose -4*t + l*t + 6 = 0. Suppose -t*w + w = -90. Calculate the highest common divisor of w and 198.
18
Suppose 0 = 4*o - 31 - 17. Let t(h) = h - 4. Let c be t(o). Let s be (64/(-10))/((-1)/5). Calculate the greatest common divisor of s and c.
8
Suppose -k + 32 = b, 5*b - 146 = 4*k + 14. Suppose -15*i + 960 = -3*i. Calculate the greatest common factor of b and i.
16
Let d = -5 + 17. What is the highest common divisor of d and 84?
12
Suppose 5*g + c - 51 + 217 = 0, -2*c - 162 = 5*g. Let n = 56 + g. Calculate the greatest common factor of 2 and n.
2
Suppose -d - 3*o - 21 = -4*d, -5*o - 14 = -2*d. What is the greatest common divisor of 28 and d?
7
Suppose -3*w - 9 = -3*h, h - 3 = 5*w - 4. Let b be ((-19)/(-4))/(w/44). Suppose 83 = 3*y + 26. What is the highest common factor of y and b?
19
Let w = 29 - 16. What is the greatest common factor of w and 13?
13
Let c be 114/10 + (-14)/35. What is the greatest common factor of 88 and c?
11
Suppose -12 = 4*w, 0*l + 5*l + 2*w - 4 = 0. Calculate the highest common divisor of 3 and l.
1
Let r be (-12)/(-5) - (-22)/(-55). Suppose 40 = 6*a - r*a. What is the highest common divisor of a and 50?
10
Suppose 4*f - 5*o = 70, f + 4*f - 108 = -4*o. What is the highest common divisor of f and 30?
10
Let j(i) = i**3 - 1. Let t be j(1). Suppose 3*p - 3*g - 814 = -2*p, 4*p + 5*g - 629 = t. Calculate the highest common divisor of 23 and p.
23
Suppose 4*l = -d - 6, 0 - 3 = -2*d - 3*l. Let s(u) = 4*u**2 + 6*u + 7. Let h be s(d). Let k be (-52)/(-3) - 2/6. What is the greatest common factor of h and k?
17
Suppose -3*y - x = -124, 5*x - 68 + 8 = -y. What is the greatest common factor of y and 4?
4
Suppose 5*s - s = 3*r + 34, 0 = -2*s - r + 22. Calculate the highest common divisor of s and 190.
10
Suppose -9 = 5*k + 1, 0 = 5*s + 4*k - 1392. Calculate the greatest common divisor of s and 40.
40
Let r = 146 - 135. What is the greatest common factor of r and 11?
11
Let r = 43 - -7. Calculate the greatest common factor of 30 and r.
10
Let f(q) = 40*q**3 - q**2 + q. Suppose 3 = -j + 2. Let m be 2 + j + 2 + -2. Let p be f(m). What is the highest common divisor of 16 and p?
8
Let o = -99 + 126. What is the greatest common divisor of o and 18?
9
Let m(h) = -41*h + 1. Let s be m(-1). Suppose 2*j + 2 - s = 0. Calculate the highest common factor of 40 and j.
20
Let z be 68/(6*5/60). Suppose -d - 255 = 5*j, -96 = 3*j + d + 57. Let l = -34 - j. Calculate the highest common divisor of z and l.
17
Suppose -f + 461 = -4*m, -f - 1428 = -4*f - 3*m. Calculate the greatest common factor of 43 and f.
43
Suppose 0 = 5*m + 7*m - 36. What is the highest common divisor of 3 and m?
3
Suppose -270 = -5*b + 5*h, -b - h + 4*h + 50 = 0. Let q(g) = g + 3. Let u be q(4). What is the highest common divisor of b and u?
7
Suppose 26 = -5*i - 4. Let r be (10/3)/((-2)/i). Let v be 10040/200 + (2/10)/(-1). What is the highest common factor of r and v?
10
Suppose 0 = -2*b + b + 11. Calculate the highest common factor of 33 and b.
11
Suppose 0 = -p - 0*j + 2*j + 28, 69 = 3*p - 3*j. Let x = -369 - -531. Calculate the greatest common divisor of x and p.
18
Let b(i) = -i**3 - 7*i**2 - 5*i - 5. Let j be b(-6). Let w be (j/3)/((-1)/3). Suppose 130 = d + w. What is the greatest common factor of d and 17?
17
Let p(v) = 19*v**3 - 2*v**2 + v. Let w be p(1). Let c = w - -6. What is the highest common factor of c and 3?
3
Let g(c) = c**3 + 6*c**2 + 2*c + 4. Let f be g(-4). Let i(r) = 2*r**2 + 7*r - 11. Let v be i(-5). What is the highest common divisor of v and f?
4
Let o be (41 - 1)*3/6. What is the greatest common factor of o and 160?
20
Let x(z) = -z**2 - 17*z - 2. Let w be x(-14). What is the highest common factor of 4 and w?
4
Suppose 0 = 2*b - b + 2. Let p be 0 + (b - (-7 - -2)). Let y = -31 + 37. What is the highest common factor of y and p?
3
Let n(p) = p**2 - 11*p + 2. Let y be n(14). What is the greatest common factor of y and 66?
22
Suppose 5*f - 5*s - 4 - 111 = 0, 3*f + s - 61 = 0. What is the highest common factor of f and 168?
21
Let p = 73 - 25. What is the highest common divisor of 32 and p?
16
Suppose -3*x - m + 50 = -2*x, m - 212 = -4*x. Suppose -3*a + 12 = -0*a. Suppose 16 = 2*i + a. What is the highest common factor of i and x?
6
Let v(l) = 2*l - 10. Let i be (-2 - 1)/((-9)/30). Let b be v(i). What is the greatest common factor of 70 and b?
10
Let f = -26 + 30. Calculate the greatest common factor of 16 and f.
4
Let f = 385 - 264. Calculate the greatest common divisor of f and 11.
11
Let g = -3 + 4. Suppose 0 = 4*m + 12. Let l be (-1 + 1 - m)*g. Calculate the greatest common factor of 24 and l.
3
Let q be 4/(-10) - (-102)/5. What is the greatest common factor of 5 and q?
5
Let q be ((-4)/14)/((-1)/14). Suppose h = q*h - 429. What is the highest common factor of h and 13?
13
Let u = 12 - -12. Suppose 5*z - 3*l + 4 = -1, 10 = -5*z + 2*l. Let c(r) = -5*r - 4. Let q be c(z). What is the greatest common divisor of q and u?
8
Suppose b + 2*b = 6. Suppose 3*h - 4 = b*h. Suppose 0 = -2*l + 3*g - 7*g + 8, -h*g = l - 4. Calculate the greatest common factor of l and 2.
2
Suppose 2*x - 16 = 3*f, f + 3 = -1. Suppose -j + 3*i + 11 + 4 = 0, 0 = -2*i + 2. What is the greatest common divisor of x and j?
2
Let g = -1 - -4. Suppose 1 = j - g. Suppose 3*r - u - 360 = -2*r, 5*u - 288 = -j*r. What is the greatest common divisor of r and 9?
9
Let v be -2 + 1 - 0 - -477. Suppose -5*f = -71 + v. Let q be 32/(6/f*-3). Calculate the greatest common factor of q and 18.
18
Let c(o) = -o - 320. Let i be c(0). Let p(q) = -8*q**2 + 4*q + 4. Let f be p(-5). Let l = f - i. Calculate the highest common factor of l and 13.
13
Suppose -5*p + 41 = -34. Suppose -d + p = 4*d. What is the greatest common factor of d and 1?
1
Let i = -20 + 27. What is the highest common factor of i and 7?
7
Let v(m) = -4*m - 28. Let g be v(-15). Suppose 6 = 4*p - 2. Let b = 2 + p. Calculate the greatest common factor of g and b.
4
Let x be (-12)/(-2)*(-1)/(-3). Suppose -x*q + 31 = -27. Let h be q - (2 + (-3 - 0)). Calculate the greatest common divisor of 6 and h.
6
Let x = 214 + -109. Let h(y) = y**3 + 7*y**2 - 11*y + 9. Let l be h(-9). Let w = x + l. Calculate the greatest common divisor of 34 and w.
17
Let g be (3/2)/((-1)/(-2)). Suppose 0 = -g*y + y. Suppose -4*r - 3*c + 30 = 0, y*r + 3*c + 18 = 4*r. What is the highest common factor of 12 and r?
6
Let o be 0*5/20 - (-3)/1. What is the greatest common factor of 27 and o?
3
Suppose 3*r - 14 = -m + 2*r, 2*m - 3*r - 18 = 0. Suppose -4*s + 315 = -213. Calculate the highest common factor of m and s.
12
Let z = -12 - -9. Let u be ((-4)/(-2))/(z/(-63)). Calculate the highest common divisor of u and 14.
14
Suppose 0 = d + 3*d - 16. Suppose -38 = 